{"id":1000,"date":"2021-11-04T19:09:35","date_gmt":"2021-11-04T19:09:35","guid":{"rendered":"https:\/\/t2kconsultoria.com.br\/sitetumpex\/?post_type=product&#038;p=1000"},"modified":"2022-03-25T20:33:59","modified_gmt":"2022-03-25T20:33:59","slug":"viver-melhor-4","status":"publish","type":"product","link":"https:\/\/www.tumpex.com.br\/index.php\/produto\/viver-melhor-4\/","title":{"rendered":"Viver Melhor 4"},"content":{"rendered":"<p>A coleta \u00e9 realizada diariamente em seu bairro de Segunda a S\u00e1bado de 06:00 \u00e0s 14:20<\/p>\n","protected":false},"excerpt":{"rendered":"<p>Realizaremos a coleta em seu bairro de Segunda a Sexta de 06:00 \u00e0s 14:20<\/p>\n","protected":false},"featured_media":1600,"template":"","meta":{"_joinchat":[]},"product_brand":[],"product_cat":[26],"product_tag":[],"class_list":{"0":"post-1000","1":"product","2":"type-product","3":"status-publish","4":"has-post-thumbnail","6":"product_cat-1-turno","8":"first","9":"instock","10":"virtual","11":"product-type-simple"},"_links":{"self":[{"href":"https:\/\/www.tumpex.com.br\/index.php\/wp-json\/wp\/v2\/product\/1000","targetHints":{"allow":["GET"]}}],"collection":[{"href":"https:\/\/www.tumpex.com.br\/index.php\/wp-json\/wp\/v2\/product"}],"about":[{"href":"https:\/\/www.tumpex.com.br\/index.php\/wp-json\/wp\/v2\/types\/product"}],"wp:featuredmedia":[{"embeddable":true,"href":"https:\/\/www.tumpex.com.br\/index.php\/wp-json\/wp\/v2\/media\/1600"}],"wp:attachment":[{"href":"https:\/\/www.tumpex.com.br\/index.php\/wp-json\/wp\/v2\/media?parent=1000"}],"wp:term":[{"taxonomy":"product_brand","embeddable":true,"href":"https:\/\/www.tumpex.com.br\/index.php\/wp-json\/wp\/v2\/product_brand?post=1000"},{"taxonomy":"product_cat","embeddable":true,"href":"https:\/\/www.tumpex.com.br\/index.php\/wp-json\/wp\/v2\/product_cat?post=1000"},{"taxonomy":"product_tag","embeddable":true,"href":"https:\/\/www.tumpex.com.br\/index.php\/wp-json\/wp\/v2\/product_tag?post=1000"}],"curies":[{"name":"wp","href":"https:\/\/api.w.org\/{rel}","templated":true}]}}